{"id":81,"date":"2013-10-23T12:57:36","date_gmt":"2013-10-23T10:57:36","guid":{"rendered":"http:\/\/rsv.bmkz.org\/?page_id=81"},"modified":"2019-04-07T20:47:16","modified_gmt":"2019-04-07T18:47:16","slug":"rollstuhlbasketball","status":"publish","type":"page","link":"https:\/\/www.rsv-kaernten.com\/?page_id=81","title":{"rendered":"Rollstuhlbasketball"},"content":{"rendered":"<div>\n<h1>Rollstuhlbasketball<\/h1>\n<\/div>\n<div><\/div>\n<p>Insbesondere widmet sich der RSV K\u00e4rnten dem Rollstuhlbasketball.<a href=\"http:\/\/rsv.bmkz.org\/wp-content\/uploads\/2013\/10\/logo_broncos_200px_transp.png\"><img loading=\"lazy\" decoding=\"async\" width=\"150\" height=\"150\" class=\" wp-image-109 alignright\" src=\"http:\/\/www.rsv-kaernten.com\/wp-content\/uploads\/2013\/10\/logo_broncos_200px_transp-150x150.png\" alt=\"\" srcset=\"https:\/\/www.rsv-kaernten.com\/wp-content\/uploads\/2013\/10\/logo_broncos_200px_transp-150x150.png 150w, https:\/\/www.rsv-kaernten.com\/wp-content\/uploads\/2013\/10\/logo_broncos_200px_transp.png 200w\" sizes=\"(max-width: 150px) 100vw, 150px\" \/><\/a> Die gr\u00f6\u00dften Erfolge feierten die Carinthian Broncos, wie sich die K\u00e4rntner Rollstuhlbasketballer nennen, mit dem Erreichen des Staatsmeistertitels in der Spielsaison 2011\/12 und mit dem Gewinn des Meyra-Cups in den Jahren 2011 und 2012.<\/p>\n<p>Neben der \u00d6sterreichischen Meisterschaft nehmen die Carinthian Broncos auch an der NLB-Liga teil, die von der Drustvo Paraplegikov Slovenija organisiert wird und an der sich au\u00dfer den K\u00e4rntnern Teams aus Italien, Bosnien, Serbien, Kroatien und Slowenien beteiligen. Obligatorisch sind auch die Teilnahmen an zahlreichen in- und ausl\u00e4ndischen Turnieren sowie die Organisation zumindest eines j\u00e4hrlichen Turniers in K\u00e4rnten mit internationaler Beteiligung.<\/p>\n<p>Trainiert wird dienstags in St.Veit\/Glan (Jugend-Senioren- und Vereinstreff) von 19.00 &#8211; 21.00 Uhr, und donnerstags in Klagenfurt (VS Welzenegg) von 18.00 &#8211; 20.00 Uhr.<\/p>\n<p><a href=\"https:\/\/www.rsv-kaernten.com\/wp-content\/uploads\/2019\/04\/Mannschaftsfoto-2019-.jpg\"><img loading=\"lazy\" decoding=\"async\" class=\"aligncenter wp-image-860 \" src=\"https:\/\/www.rsv-kaernten.com\/wp-content\/uploads\/2019\/04\/Mannschaftsfoto-2019--150x66.jpg\" alt=\"\" width=\"573\" height=\"252\" srcset=\"https:\/\/www.rsv-kaernten.com\/wp-content\/uploads\/2019\/04\/Mannschaftsfoto-2019--150x66.jpg 150w, https:\/\/www.rsv-kaernten.com\/wp-content\/uploads\/2019\/04\/Mannschaftsfoto-2019--300x132.jpg 300w, https:\/\/www.rsv-kaernten.com\/wp-content\/uploads\/2019\/04\/Mannschaftsfoto-2019--768x339.jpg 768w, https:\/\/www.rsv-kaernten.com\/wp-content\/uploads\/2019\/04\/Mannschaftsfoto-2019--1024x452.jpg 1024w\" sizes=\"(max-width: 573px) 100vw, 573px\" \/><\/a><\/p>\n<p>Weitere Infos:<\/p>\n<ul>\n<li><a href=\"http:\/\/de.wikipedia.org\/wiki\/Rollstuhlbasketball\" target=\"_blank\" rel=\"noopener\">Wikipedia &#8211; Rollstuhlbasketball<\/a><\/li>\n<li><a href=\"http:\/\/www.rollstuhlbasketball.at\/\" target=\"_blank\" rel=\"noopener\">Rollstuhlbasketball \u00d6sterreich<\/a><\/li>\n<li><a href=\"http:\/\/www.basketballkaernten.at\" target=\"_blank\" rel=\"noopener\">K\u00e4rntner und Osttitoler Basketballverband<\/a><\/li>\n<\/ul>\n","protected":false},"excerpt":{"rendered":"<p>Rollstuhlbasketball Insbesondere widmet sich der RSV K\u00e4rnten dem Rollstuhlbasketball. Die gr\u00f6\u00dften Erfolge feierten die Carinthian Broncos, wie sich die K\u00e4rntner Rollstuhlbasketballer nennen, mit dem Erreichen des Staatsmeistertitels in der Spielsaison 2011\/12 und mit dem Gewinn des Meyra-Cups in den Jahren 2011 und 2012. Neben der \u00d6sterreichischen Meisterschaft nehmen die Carinthian&#8230;<\/p>\n","protected":false},"author":2,"featured_media":0,"parent":0,"menu_order":0,"comment_status":"closed","ping_status":"open","template":"","meta":{"footnotes":""},"_links":{"self":[{"href":"https:\/\/www.rsv-kaernten.com\/index.php?rest_route=\/wp\/v2\/pages\/81"}],"collection":[{"href":"https:\/\/www.rsv-kaernten.com\/index.php?rest_route=\/wp\/v2\/pages"}],"about":[{"href":"https:\/\/www.rsv-kaernten.com\/index.php?rest_route=\/wp\/v2\/types\/page"}],"author":[{"embeddable":true,"href":"https:\/\/www.rsv-kaernten.com\/index.php?rest_route=\/wp\/v2\/users\/2"}],"replies":[{"embeddable":true,"href":"https:\/\/www.rsv-kaernten.com\/index.php?rest_route=%2Fwp%2Fv2%2Fcomments&post=81"}],"version-history":[{"count":24,"href":"https:\/\/www.rsv-kaernten.com\/index.php?rest_route=\/wp\/v2\/pages\/81\/revisions"}],"predecessor-version":[{"id":880,"href":"https:\/\/www.rsv-kaernten.com\/index.php?rest_route=\/wp\/v2\/pages\/81\/revisions\/880"}],"wp:attachment":[{"href":"https:\/\/www.rsv-kaernten.com\/index.php?rest_route=%2Fwp%2Fv2%2Fmedia&parent=81"}],"curies":[{"name":"wp","href":"https:\/\/api.w.org\/{rel}","templated":true}]}}

<div>
<h1>Rollstuhlbasketball</h1>
</div>
<div></div>
<p>Insbesondere widmet sich der RSV Kärnten dem Rollstuhlbasketball.<a href="http://rsv.bmkz.org/wp-content/uploads/2013/10/logo_broncos_200px_transp.png"><img loading="lazy" decoding="async" width="150" height="150" class=" wp-image-109 alignright" src="http://www.rsv-kaernten.com/wp-content/uploads/2013/10/logo_broncos_200px_transp-150x150.png" alt="" srcset="https://www.rsv-kaernten.com/wp-content/uploads/2013/10/logo_broncos_200px_transp-150x150.png 150w, https://www.rsv-kaernten.com/wp-content/uploads/2013/10/logo_broncos_200px_transp.png 200w" sizes="(max-width: 150px) 100vw, 150px" /></a> Die größten Erfolge feierten die Carinthian Broncos, wie sich die Kärntner Rollstuhlbasketballer nennen, mit dem Erreichen des Staatsmeistertitels in der Spielsaison 2011/12 und mit dem Gewinn des Meyra-Cups in den Jahren 2011 und 2012.</p>
<p>Neben der Österreichischen Meisterschaft nehmen die Carinthian Broncos auch an der NLB-Liga teil, die von der Drustvo Paraplegikov Slovenija organisiert wird und an der sich außer den Kärntnern Teams aus Italien, Bosnien, Serbien, Kroatien und Slowenien beteiligen. Obligatorisch sind auch die Teilnahmen an zahlreichen in- und ausländischen Turnieren sowie die Organisation zumindest eines jährlichen Turniers in Kärnten mit internationaler Beteiligung.</p>
<p>Trainiert wird dienstags in St.Veit/Glan (Jugend-Senioren- und Vereinstreff) von 19.00 &#8211; 21.00 Uhr, und donnerstags in Klagenfurt (VS Welzenegg) von 18.00 &#8211; 20.00 Uhr.</p>
<p><a href="https://www.rsv-kaernten.com/wp-content/uploads/2019/04/Mannschaftsfoto-2019-.jpg"><img loading="lazy" decoding="async" class="aligncenter wp-image-860 " src="https://www.rsv-kaernten.com/wp-content/uploads/2019/04/Mannschaftsfoto-2019--150x66.jpg" alt="" width="573" height="252" srcset="https://www.rsv-kaernten.com/wp-content/uploads/2019/04/Mannschaftsfoto-2019--150x66.jpg 150w, https://www.rsv-kaernten.com/wp-content/uploads/2019/04/Mannschaftsfoto-2019--300x132.jpg 300w, https://www.rsv-kaernten.com/wp-content/uploads/2019/04/Mannschaftsfoto-2019--768x339.jpg 768w, https://www.rsv-kaernten.com/wp-content/uploads/2019/04/Mannschaftsfoto-2019--1024x452.jpg 1024w" sizes="(max-width: 573px) 100vw, 573px" /></a></p>
<p>Weitere Infos:</p>
<ul>
<li><a href="http://de.wikipedia.org/wiki/Rollstuhlbasketball" target="_blank" rel="noopener">Wikipedia &#8211; Rollstuhlbasketball</a></li>
<li><a href="http://www.rollstuhlbasketball.at/" target="_blank" rel="noopener">Rollstuhlbasketball Österreich</a></li>
<li><a href="http://www.basketballkaernten.at" target="_blank" rel="noopener">Kärntner und Osttitoler Basketballverband</a></li>
</ul>

<p>Rollstuhlbasketball Insbesondere widmet sich der RSV Kärnten dem Rollstuhlbasketball. Die größten Erfolge feierten die Carinthian Broncos, wie sich die Kärntner Rollstuhlbasketballer nennen, mit dem Erreichen des Staatsmeistertitels in der Spielsaison 2011/12 und mit dem Gewinn des Meyra-Cups in den Jahren 2011 und 2012. Neben der Österreichischen Meisterschaft nehmen die Carinthian&#8230;</p>
